{"id":67,"date":"2020-06-26T00:39:05","date_gmt":"2020-06-26T00:39:05","guid":{"rendered":"http:\/\/tallerdearte.co\/wpress\/?page_id=67"},"modified":"2026-03-12T22:38:33","modified_gmt":"2026-03-12T22:38:33","slug":"portafolio","status":"publish","type":"page","link":"http:\/\/tallerdearte.co\/wpress\/portafolio\/","title":{"rendered":"SERVICIOS"},"content":{"rendered":"\t\t<div data-elementor-type=\"wp-page\" data-elementor-id=\"67\" class=\"elementor elementor-67\">\n\t\t\t\t\t\t<section class=\"elementor-section elementor-top-section elementor-element elementor-element-2c58357c elementor-section-boxed elementor-section-height-default elementor-section-height-default\" data-id=\"2c58357c\" data-element_type=\"section\" data-e-type=\"section\">\n\t\t\t\t\t\t<div class=\"elementor-container elementor-column-gap-default\">\n\t\t\t\t\t<div class=\"aux-parallax-section elementor-column elementor-col-50 elementor-top-column elementor-element elementor-element-17fad1ed\" data-id=\"17fad1ed\" data-element_type=\"column\" data-e-type=\"column\" data-settings=\"{&quot;background_background&quot;:&quot;slideshow&quot;,&quot;background_slideshow_gallery&quot;:[],&quot;background_slideshow_loop&quot;:&quot;yes&quot;,&quot;background_slideshow_slide_duration&quot;:5000,&quot;background_slideshow_slide_transition&quot;:&quot;fade&quot;,&quot;background_slideshow_transition_duration&quot;:500}\">\n\t\t\t<div class=\"elementor-widget-wrap elementor-element-populated\">\n\t\t\t\t\t\t<div class=\"elementor-element elementor-element-7ef4a7c1 elementor-widget elementor-widget-text-editor\" data-id=\"7ef4a7c1\" data-element_type=\"widget\" data-e-type=\"widget\" data-widget_type=\"text-editor.default\">\n\t\t\t\t<div class=\"elementor-widget-container\">\n\t\t\t\t\t\t\t\t\t<h1>DISE\u00d1O<\/h1><p><!-- \/wp:heading --><\/p><p><!-- wp:list --><\/p><ul><li>Dise\u00f1o y conceptualizaci\u00f3n de imagen corporativa.<\/li><li>Portafolios de servicios (impresos y digitales).<\/li><li>P\u00e1ginas web responsive (html y wordpress).<\/li><li>Contenidos para redes sociales.<\/li><li>Ilustraci\u00f3n y animaci\u00f3n 2d.<\/li><li>Modelado de objetos y espacios 3d.<\/li><\/ul><p><!-- \/wp:list --><\/p>\t\t\t\t\t\t\t\t<\/div>\n\t\t\t\t<\/div>\n\t\t\t\t<div class=\"elementor-element elementor-element-6d51a4b elementor-widget elementor-widget-text-editor\" data-id=\"6d51a4b\" data-element_type=\"widget\" data-e-type=\"widget\" data-widget_type=\"text-editor.default\">\n\t\t\t\t<div class=\"elementor-widget-container\">\n\t\t\t\t\t\t\t\t\t<h2 style=\"letter-spacing: normal;\">CREACI\u00d3N<\/h2><ul style=\"font-size: 15px; font-weight: 400;\"><li style=\"line-height: 28.5px;\">Construcci\u00f3n de se\u00f1alizaci\u00f3n y avisos para recintos cerrados y abiertos.<\/li><li style=\"line-height: 28.5px;\">Stands, vitrinas, fachadas, barras e islas para todo tipo de evento.<\/li><li style=\"line-height: 28.5px;\">Figuras modeladas en icopor para uso exterior o interior, peque\u00f1o o gran tama\u00f1o, est\u00e1ticas o para desfiles.<\/li><li style=\"line-height: 28.5px;\">Carrozas, carros musicales, elementos m\u00f3viles, disfraces, tocados y m\u00e1scaras para desfiles.<\/li><li style=\"line-height: 28.5px;\">Letras gigantes, pintadas, decoradas e iluminadas.<\/li><li style=\"line-height: 28.5px;\">Piezas artesanales personalizadas,<\/li><li style=\"line-height: 28.5px;\">Figuras en resina o fibra de vidrio.<\/li><li style=\"line-height: 28.5px;\">Estructuras met\u00e1licas para diversos fines.<\/li><li style=\"line-height: 28.5px;\">Muebles y objetos en madera, f\u00f3rmica, melanina y dem\u00e1s materiales afines.<\/li><\/ul><p><!-- \/wp:list --><\/p>\t\t\t\t\t\t\t\t<\/div>\n\t\t\t\t<\/div>\n\t\t\t\t<div class=\"elementor-element elementor-element-4e275f8 elementor-widget elementor-widget-text-editor\" data-id=\"4e275f8\" data-element_type=\"widget\" data-e-type=\"widget\" data-widget_type=\"text-editor.default\">\n\t\t\t\t<div class=\"elementor-widget-container\">\n\t\t\t\t\t\t\t\t\t<h2 class=\"wp-block-heading\" style=\"letter-spacing: normal;\">DECORACI\u00d3N<\/h2><ul style=\"font-size: 15px; font-weight: 400;\"><li style=\"line-height: 28.5px;\">Elaboraci\u00f3n de flores y naturaleza artificial en diversos materiales.<\/li><li style=\"line-height: 28.5px;\">Ambientaci\u00f3n de espacios abiertos y cerrados.<\/li><li style=\"line-height: 28.5px;\">Decoraci\u00f3n de carros musicales y tr\u00e1iler para desfiles.<\/li><li style=\"line-height: 28.5px;\">Backings impresos y pintados, paneler\u00eda, fachadas y elementos decorativos para eventos y fiestas.<\/li><li style=\"line-height: 28.5px;\">M\u00e1scaras, tocados y disfraces.<\/li><li style=\"line-height: 28.5px;\">Invitaciones personalizadas, suvenires y distinciones.<\/li><\/ul><p><!-- \/wp:list --><\/p>\t\t\t\t\t\t\t\t<\/div>\n\t\t\t\t<\/div>\n\t\t\t\t\t<\/div>\n\t\t<\/div>\n\t\t\t\t<div class=\"aux-parallax-section elementor-column elementor-col-50 elementor-top-column elementor-element elementor-element-18ed447\" data-id=\"18ed447\" data-element_type=\"column\" data-e-type=\"column\">\n\t\t\t<div class=\"elementor-widget-wrap elementor-element-populated\">\n\t\t\t\t\t\t<div class=\"elementor-element elementor-element-9bc3300 elementor-widget__width-initial elementor-widget elementor-widget-image\" data-id=\"9bc3300\" data-element_type=\"widget\" data-e-type=\"widget\" data-widget_type=\"image.default\">\n\t\t\t\t<div class=\"elementor-widget-container\">\n\t\t\t\t\t\t\t\t\t\t\t\t\t\t\t<img decoding=\"async\" src=\"https:\/\/tallerdearte.co\/wpress\/wp-content\/uploads\/2026\/03\/116-sin-titulo_20260305174458-scaled.png\" title=\"116 sin t\u00edtulo_20260305174458\" alt=\"116 sin t\u00edtulo_20260305174458\" loading=\"lazy\" \/>\t\t\t\t\t\t\t\t\t\t\t\t\t\t\t<\/div>\n\t\t\t\t<\/div>\n\t\t\t\t\t<\/div>\n\t\t<\/div>\n\t\t\t\t\t<\/div>\n\t\t<\/section>\n\t\t\t\t<\/div>\n\t\t","protected":false},"excerpt":{"rendered":"<p>DISE\u00d1O Dise\u00f1o y conceptualizaci\u00f3n de imagen corporativa. Portafolios de servicios (impresos y digitales). P\u00e1ginas web responsive (html y wordpress). Contenidos para redes sociales. Ilustraci\u00f3n y animaci\u00f3n 2d. Modelado de objetos y espacios 3d. CREACI\u00d3N Construcci\u00f3n de se\u00f1alizaci\u00f3n y avisos para recintos cerrados y abiertos. Stands, vitrinas, fachadas, barras e islas para todo tipo de evento. [&hellip;]<\/p>\n","protected":false},"author":1,"featured_media":0,"parent":0,"menu_order":0,"comment_status":"closed","ping_status":"closed","template":"elementor_header_footer","meta":{"footnotes":""},"class_list":["post-67","page","type-page","status-publish","hentry"],"_links":{"self":[{"href":"http:\/\/tallerdearte.co\/wpress\/wp-json\/wp\/v2\/pages\/67","targetHints":{"allow":["GET"]}}],"collection":[{"href":"http:\/\/tallerdearte.co\/wpress\/wp-json\/wp\/v2\/pages"}],"about":[{"href":"http:\/\/tallerdearte.co\/wpress\/wp-json\/wp\/v2\/types\/page"}],"author":[{"embeddable":true,"href":"http:\/\/tallerdearte.co\/wpress\/wp-json\/wp\/v2\/users\/1"}],"replies":[{"embeddable":true,"href":"http:\/\/tallerdearte.co\/wpress\/wp-json\/wp\/v2\/comments?post=67"}],"version-history":[{"count":29,"href":"http:\/\/tallerdearte.co\/wpress\/wp-json\/wp\/v2\/pages\/67\/revisions"}],"predecessor-version":[{"id":1477,"href":"http:\/\/tallerdearte.co\/wpress\/wp-json\/wp\/v2\/pages\/67\/revisions\/1477"}],"wp:attachment":[{"href":"http:\/\/tallerdearte.co\/wpress\/wp-json\/wp\/v2\/media?parent=67"}],"curies":[{"name":"wp","href":"https:\/\/api.w.org\/{rel}","templated":true}]}}