{"id":56,"date":"2020-06-25T23:41:33","date_gmt":"2020-06-25T23:41:33","guid":{"rendered":"http:\/\/tallerdearte.co\/wpress\/?page_id=56"},"modified":"2026-03-10T18:15:18","modified_gmt":"2026-03-10T18:15:18","slug":"nuestro-taller","status":"publish","type":"page","link":"http:\/\/tallerdearte.co\/wpress\/nuestro-taller\/","title":{"rendered":"NUESTRO TALLER"},"content":{"rendered":"\t\t<div data-elementor-type=\"wp-page\" data-elementor-id=\"56\" class=\"elementor elementor-56\">\n\t\t\t\t\t\t<section class=\"elementor-section elementor-top-section elementor-element elementor-element-de3fe16 elementor-section-content-top elementor-section-boxed elementor-section-height-default elementor-section-height-default\" data-id=\"de3fe16\" data-element_type=\"section\" data-e-type=\"section\">\n\t\t\t\t\t\t<div class=\"elementor-container elementor-column-gap-default\">\n\t\t\t\t\t<div class=\"aux-parallax-section elementor-column elementor-col-100 elementor-top-column elementor-element elementor-element-faa59c8\" data-id=\"faa59c8\" data-element_type=\"column\" data-e-type=\"column\" data-settings=\"{&quot;background_background&quot;:&quot;classic&quot;}\">\n\t\t\t<div class=\"elementor-widget-wrap elementor-element-populated\">\n\t\t\t\t\t\t<section class=\"elementor-section elementor-inner-section elementor-element elementor-element-a81c0f1 elementor-section-boxed elementor-section-height-default elementor-section-height-default\" data-id=\"a81c0f1\" data-element_type=\"section\" data-e-type=\"section\">\n\t\t\t\t\t\t<div class=\"elementor-container elementor-column-gap-default\">\n\t\t\t\t\t<div class=\"aux-parallax-section elementor-column elementor-col-50 elementor-inner-column elementor-element elementor-element-bc6167d\" data-id=\"bc6167d\" data-element_type=\"column\" data-e-type=\"column\">\n\t\t\t<div class=\"elementor-widget-wrap elementor-element-populated\">\n\t\t\t\t\t\t<div class=\"elementor-element elementor-element-4bc02b6 elementor-widget__width-initial elementor-widget elementor-widget-image\" data-id=\"4bc02b6\" data-element_type=\"widget\" data-e-type=\"widget\" data-widget_type=\"image.default\">\n\t\t\t\t<div class=\"elementor-widget-container\">\n\t\t\t\t\t\t\t\t\t\t\t\t\t\t\t<img fetchpriority=\"high\" decoding=\"async\" width=\"747\" height=\"749\" src=\"http:\/\/tallerdearte.co\/wpress\/wp-content\/uploads\/2024\/07\/Captura-de-pantalla-2024-07-22-205723.png\" class=\"attachment-large size-large wp-image-1206\" alt=\"\" srcset=\"http:\/\/tallerdearte.co\/wpress\/wp-content\/uploads\/2024\/07\/Captura-de-pantalla-2024-07-22-205723.png 747w, http:\/\/tallerdearte.co\/wpress\/wp-content\/uploads\/2024\/07\/Captura-de-pantalla-2024-07-22-205723-300x301.png 300w, http:\/\/tallerdearte.co\/wpress\/wp-content\/uploads\/2024\/07\/Captura-de-pantalla-2024-07-22-205723-150x150.png 150w, http:\/\/tallerdearte.co\/wpress\/wp-content\/uploads\/2024\/07\/Captura-de-pantalla-2024-07-22-205723-50x50.png 50w, http:\/\/tallerdearte.co\/wpress\/wp-content\/uploads\/2024\/07\/Captura-de-pantalla-2024-07-22-205723-400x401.png 400w, http:\/\/tallerdearte.co\/wpress\/wp-content\/uploads\/2024\/07\/Captura-de-pantalla-2024-07-22-205723-100x100.png 100w\" sizes=\"(max-width: 747px) 100vw, 747px\" \/>\t\t\t\t\t\t\t\t\t\t\t\t\t\t\t<\/div>\n\t\t\t\t<\/div>\n\t\t\t\t\t<\/div>\n\t\t<\/div>\n\t\t\t\t<div class=\"aux-parallax-section elementor-column elementor-col-50 elementor-inner-column elementor-element elementor-element-7acd06d\" data-id=\"7acd06d\" data-element_type=\"column\" data-e-type=\"column\">\n\t\t\t<div class=\"elementor-widget-wrap elementor-element-populated\">\n\t\t\t\t\t\t<div class=\"elementor-element elementor-element-67a8fb6 elementor-widget__width-initial elementor-widget elementor-widget-text-editor\" data-id=\"67a8fb6\" data-element_type=\"widget\" data-e-type=\"widget\" data-widget_type=\"text-editor.default\">\n\t\t\t\t<div class=\"elementor-widget-container\">\n\t\t\t\t\t\t\t\t\t<p>Somos Una empresa dedicada al dise\u00f1o y construcci\u00f3n de piezas, espacios, escenarios y elementos art\u00edsticos, culturales y publicitarios; destinados a recintos cerrados, eventos masivos, exteriores y desfiles a nivel nacional.<\/p><p>Estamos ubicados en el municipo de Galapa, Atl\u00e1ntico; reconocido por su aptitud y legado artesanal en la elaboraci\u00f3n de m\u00e1scaras de madera, papel mach\u00e9 y cester\u00eda en bejuco.\u00a0<\/p><p>Somos un grupo de trabajo multidisciplinario y de amplia experiencia, permiti\u00e9ndonos planificar, desde distintos puntos de vista, cada proyecto; optimizando as\u00ed tiempos y recursos, garantizando \u00f3ptimos resultados, calidad en los acabados y capacidad de reacci\u00f3n a imprevistos.<\/p><p>\u00a0Incorporamos en nuestro proceso la utilizaci\u00f3n de multiples herramientas tecnol\u00f3gicas (impresi\u00f3n digital, corte l\u00e1ser, equipos CNC, impresi\u00f3n 3d y dem\u00e1s) que nos permite agilizar y optimizar resultados.<\/p>\t\t\t\t\t\t\t\t<\/div>\n\t\t\t\t<\/div>\n\t\t\t\t\t<\/div>\n\t\t<\/div>\n\t\t\t\t\t<\/div>\n\t\t<\/section>\n\t\t\t\t\t<\/div>\n\t\t<\/div>\n\t\t\t\t\t<\/div>\n\t\t<\/section>\n\t\t\t\t<section class=\"elementor-section elementor-top-section elementor-element elementor-element-9c0160f elementor-section-boxed elementor-section-height-default elementor-section-height-default\" data-id=\"9c0160f\" data-element_type=\"section\" data-e-type=\"section\">\n\t\t\t\t\t\t<div class=\"elementor-container elementor-column-gap-default\">\n\t\t\t\t\t<div class=\"aux-parallax-section elementor-column elementor-col-100 elementor-top-column elementor-element elementor-element-537857a\" data-id=\"537857a\" data-element_type=\"column\" data-e-type=\"column\">\n\t\t\t<div class=\"elementor-widget-wrap elementor-element-populated\">\n\t\t\t\t\t\t<div class=\"elementor-element elementor-element-285b2d2 elementor-widget__width-initial elementor-arrows-position-inside elementor-pagination-position-outside elementor-widget elementor-widget-image-carousel\" data-id=\"285b2d2\" data-element_type=\"widget\" data-e-type=\"widget\" data-settings=\"{&quot;slides_to_show&quot;:&quot;5&quot;,&quot;autoplay_speed&quot;:2000,&quot;navigation&quot;:&quot;both&quot;,&quot;autoplay&quot;:&quot;yes&quot;,&quot;pause_on_hover&quot;:&quot;yes&quot;,&quot;pause_on_interaction&quot;:&quot;yes&quot;,&quot;infinite&quot;:&quot;yes&quot;,&quot;speed&quot;:500}\" data-widget_type=\"image-carousel.default\">\n\t\t\t\t<div class=\"elementor-widget-container\">\n\t\t\t\t\t\t\t<div class=\"elementor-image-carousel-wrapper swiper\" role=\"region\" aria-roledescription=\"carousel\" aria-label=\"Carrusel de im\u00e1genes\" dir=\"ltr\">\n\t\t\t<div class=\"elementor-image-carousel swiper-wrapper\" aria-live=\"off\">\n\t\t\t\t\t\t\t\t<div class=\"swiper-slide\" role=\"group\" aria-roledescription=\"slide\" aria-label=\"1 de 40\"><figure class=\"swiper-slide-inner\"><img decoding=\"async\" class=\"swiper-slide-image\" src=\"http:\/\/tallerdearte.co\/wpress\/wp-content\/uploads\/2026\/03\/IMG_2865-300x300.jpg\" alt=\"IMG_2865\" \/><\/figure><\/div><div class=\"swiper-slide\" role=\"group\" aria-roledescription=\"slide\" aria-label=\"2 de 40\"><figure class=\"swiper-slide-inner\"><img decoding=\"async\" class=\"swiper-slide-image\" src=\"http:\/\/tallerdearte.co\/wpress\/wp-content\/uploads\/2024\/03\/ps6S4Bu-300x300.jpeg\" alt=\"-ps6S4Bu\" \/><\/figure><\/div><div class=\"swiper-slide\" role=\"group\" aria-roledescription=\"slide\" aria-label=\"3 de 40\"><figure class=\"swiper-slide-inner\"><img decoding=\"async\" class=\"swiper-slide-image\" src=\"http:\/\/tallerdearte.co\/wpress\/wp-content\/uploads\/2024\/03\/DSC_0864-300x300.jpg\" alt=\"DSC_0864\" \/><\/figure><\/div><div class=\"swiper-slide\" role=\"group\" aria-roledescription=\"slide\" aria-label=\"4 de 40\"><figure class=\"swiper-slide-inner\"><img decoding=\"async\" class=\"swiper-slide-image\" src=\"http:\/\/tallerdearte.co\/wpress\/wp-content\/uploads\/2024\/03\/Captura-de-pantalla_20230227_013410-300x300.png\" alt=\"Captura de pantalla_20230227_013410\" \/><\/figure><\/div><div class=\"swiper-slide\" role=\"group\" aria-roledescription=\"slide\" aria-label=\"5 de 40\"><figure class=\"swiper-slide-inner\"><img decoding=\"async\" class=\"swiper-slide-image\" src=\"http:\/\/tallerdearte.co\/wpress\/wp-content\/uploads\/2026\/03\/retouch_2026011418452006-1-300x300.jpg\" alt=\"{&quot;data&quot;:{&quot;pictureId&quot;:&quot;ee40fb89cb7845978ae8d595292af141&quot;,&quot;appversion&quot;:&quot;7.9.0&quot;,&quot;stickerId&quot;:&quot;&quot;,&quot;filterId&quot;:&quot;190308143&quot;,&quot;infoStickerId&quot;:&quot;&quot;,&quot;imageEffectId&quot;:&quot;&quot;,&quot;playId&quot;:&quot;&quot;,&quot;activityName&quot;:&quot;&quot;,&quot;os&quot;:&quot;android&quot;,&quot;product&quot;:&quot;retouch&quot;,&quot;originAppId&quot;:&quot;7356&quot;,&quot;exportType&quot;:&quot;&quot;,&quot;editType&quot;:&quot;&quot;,&quot;alias&quot;:&quot;&quot;,&quot;enterFrom&quot;:&quot;enter_launch&quot;,&quot;capability_key&quot;:[&quot;filter&quot;,&quot;edit&quot;],&quot;capability_extra_v2&quot;:{&quot;filter&quot;:[{&quot;effect_id&quot;:&quot;190308143&quot;,&quot;resource_id&quot;:&quot;7330519439772750337&quot;,&quot;origin&quot;:&quot;heycan&quot;}],&quot;edit&quot;:[{&quot;panel&quot;:&quot;highlight&quot;}]},&quot;effect_type&quot;:&quot;tool&quot;,&quot;effect_id&quot;:&quot;filter#7330519439772750337&quot;},&quot;source_type&quot;:&quot;hypic&quot;,&quot;tiktok_developers_3p_anchor_params&quot;:&quot;{&quot;client_key&quot;:&quot;awgvo7gzpeas2ho6&quot;,&quot;template_id&quot;:&quot;&quot;,&quot;filter_id&quot;:[&quot;190308143&quot;],&quot;capability_key&quot;:[&quot;filter&quot;,&quot;edit&quot;],&quot;capability_extra_v2&quot;:{&quot;filter&quot;:[{&quot;effect_id&quot;:&quot;190308143&quot;,&quot;resource_id&quot;:&quot;7330519439772750337&quot;,&quot;origin&quot;:&quot;heycan&quot;}],&quot;edit&quot;:[{&quot;panel&quot;:&quot;highlight&quot;}]}}&quot;}\" \/><\/figure><\/div><div class=\"swiper-slide\" role=\"group\" aria-roledescription=\"slide\" aria-label=\"6 de 40\"><figure class=\"swiper-slide-inner\"><img decoding=\"async\" class=\"swiper-slide-image\" src=\"http:\/\/tallerdearte.co\/wpress\/wp-content\/uploads\/2024\/03\/IMG-20230219-WA0007-300x300.jpg\" alt=\"IMG-20230219-WA0007\" \/><\/figure><\/div><div class=\"swiper-slide\" role=\"group\" aria-roledescription=\"slide\" aria-label=\"7 de 40\"><figure class=\"swiper-slide-inner\"><img decoding=\"async\" class=\"swiper-slide-image\" src=\"http:\/\/tallerdearte.co\/wpress\/wp-content\/uploads\/2024\/03\/IMG-20230220-WA0006-300x300.jpg\" alt=\"IMG-20230220-WA0006\" \/><\/figure><\/div><div class=\"swiper-slide\" role=\"group\" aria-roledescription=\"slide\" aria-label=\"8 de 40\"><figure class=\"swiper-slide-inner\"><img decoding=\"async\" class=\"swiper-slide-image\" src=\"http:\/\/tallerdearte.co\/wpress\/wp-content\/uploads\/2026\/03\/IMG_0992-300x300.jpg\" alt=\"IMG_0992\" \/><\/figure><\/div><div class=\"swiper-slide\" role=\"group\" aria-roledescription=\"slide\" aria-label=\"9 de 40\"><figure class=\"swiper-slide-inner\"><img decoding=\"async\" class=\"swiper-slide-image\" src=\"http:\/\/tallerdearte.co\/wpress\/wp-content\/uploads\/2026\/03\/IMG_1499-1-300x300.jpg\" alt=\"IMG_1499 1\" \/><\/figure><\/div><div class=\"swiper-slide\" role=\"group\" aria-roledescription=\"slide\" aria-label=\"10 de 40\"><figure class=\"swiper-slide-inner\"><img decoding=\"async\" class=\"swiper-slide-image\" src=\"http:\/\/tallerdearte.co\/wpress\/wp-content\/uploads\/2026\/03\/IMG_3201-300x300.jpg\" alt=\"IMG_3201\" \/><\/figure><\/div><div class=\"swiper-slide\" role=\"group\" aria-roledescription=\"slide\" aria-label=\"11 de 40\"><figure class=\"swiper-slide-inner\"><img decoding=\"async\" class=\"swiper-slide-image\" src=\"http:\/\/tallerdearte.co\/wpress\/wp-content\/uploads\/2026\/03\/IMG_0214-300x300.jpg\" alt=\"IMG_0214\" \/><\/figure><\/div><div class=\"swiper-slide\" role=\"group\" aria-roledescription=\"slide\" aria-label=\"12 de 40\"><figure class=\"swiper-slide-inner\"><img decoding=\"async\" class=\"swiper-slide-image\" src=\"http:\/\/tallerdearte.co\/wpress\/wp-content\/uploads\/2024\/03\/IMG-20230127-WA0017-2-300x300.jpg\" alt=\"IMG-20230127-WA0017-2\" \/><\/figure><\/div><div class=\"swiper-slide\" role=\"group\" aria-roledescription=\"slide\" aria-label=\"13 de 40\"><figure class=\"swiper-slide-inner\"><img decoding=\"async\" class=\"swiper-slide-image\" src=\"http:\/\/tallerdearte.co\/wpress\/wp-content\/uploads\/2024\/03\/20201201_200305_mfnr-300x300.jpg\" alt=\"20201201_200305_mfnr\" \/><\/figure><\/div><div class=\"swiper-slide\" role=\"group\" aria-roledescription=\"slide\" aria-label=\"14 de 40\"><figure class=\"swiper-slide-inner\"><img decoding=\"async\" class=\"swiper-slide-image\" src=\"http:\/\/tallerdearte.co\/wpress\/wp-content\/uploads\/2026\/03\/IMG_0977-300x300.jpg\" alt=\"IMG_0977\" \/><\/figure><\/div><div class=\"swiper-slide\" role=\"group\" aria-roledescription=\"slide\" aria-label=\"15 de 40\"><figure class=\"swiper-slide-inner\"><img decoding=\"async\" class=\"swiper-slide-image\" src=\"http:\/\/tallerdearte.co\/wpress\/wp-content\/uploads\/2026\/03\/retouch_2026011418464954-300x300.jpg\" alt=\"{&quot;data&quot;:{&quot;pictureId&quot;:&quot;62440126bcca425795257591d799bb3c&quot;,&quot;appversion&quot;:&quot;7.9.0&quot;,&quot;stickerId&quot;:&quot;&quot;,&quot;filterId&quot;:&quot;190308143&quot;,&quot;infoStickerId&quot;:&quot;&quot;,&quot;imageEffectId&quot;:&quot;&quot;,&quot;playId&quot;:&quot;&quot;,&quot;activityName&quot;:&quot;&quot;,&quot;os&quot;:&quot;android&quot;,&quot;product&quot;:&quot;retouch&quot;,&quot;originAppId&quot;:&quot;7356&quot;,&quot;exportType&quot;:&quot;&quot;,&quot;editType&quot;:&quot;&quot;,&quot;alias&quot;:&quot;&quot;,&quot;enterFrom&quot;:&quot;enter_launch&quot;,&quot;capability_key&quot;:[&quot;filter&quot;,&quot;edit&quot;],&quot;capability_extra_v2&quot;:{&quot;filter&quot;:[{&quot;effect_id&quot;:&quot;190308143&quot;,&quot;resource_id&quot;:&quot;7330519439772750337&quot;,&quot;origin&quot;:&quot;heycan&quot;}],&quot;edit&quot;:[{&quot;panel&quot;:&quot;highlight&quot;}]},&quot;effect_type&quot;:&quot;tool&quot;,&quot;effect_id&quot;:&quot;filter#7330519439772750337&quot;},&quot;source_type&quot;:&quot;hypic&quot;,&quot;tiktok_developers_3p_anchor_params&quot;:&quot;{&quot;client_key&quot;:&quot;awgvo7gzpeas2ho6&quot;,&quot;template_id&quot;:&quot;&quot;,&quot;filter_id&quot;:[&quot;190308143&quot;],&quot;capability_key&quot;:[&quot;filter&quot;,&quot;edit&quot;],&quot;capability_extra_v2&quot;:{&quot;filter&quot;:[{&quot;effect_id&quot;:&quot;190308143&quot;,&quot;resource_id&quot;:&quot;7330519439772750337&quot;,&quot;origin&quot;:&quot;heycan&quot;}],&quot;edit&quot;:[{&quot;panel&quot;:&quot;highlight&quot;}]}}&quot;}\" \/><\/figure><\/div><div class=\"swiper-slide\" role=\"group\" aria-roledescription=\"slide\" aria-label=\"16 de 40\"><figure class=\"swiper-slide-inner\"><img decoding=\"async\" class=\"swiper-slide-image\" src=\"http:\/\/tallerdearte.co\/wpress\/wp-content\/uploads\/2024\/03\/IMG_20230107_103227_1-300x300.jpg\" alt=\"IMG_20230107_103227_1\" \/><\/figure><\/div><div class=\"swiper-slide\" role=\"group\" aria-roledescription=\"slide\" aria-label=\"17 de 40\"><figure class=\"swiper-slide-inner\"><img decoding=\"async\" class=\"swiper-slide-image\" src=\"http:\/\/tallerdearte.co\/wpress\/wp-content\/uploads\/2024\/03\/20220228_152712-300x300.jpg\" alt=\"20220228_152712\" \/><\/figure><\/div><div class=\"swiper-slide\" role=\"group\" aria-roledescription=\"slide\" aria-label=\"18 de 40\"><figure class=\"swiper-slide-inner\"><img decoding=\"async\" class=\"swiper-slide-image\" src=\"http:\/\/tallerdearte.co\/wpress\/wp-content\/uploads\/2026\/03\/IMG_0901-300x300.jpg\" alt=\"IMG_0901\" \/><\/figure><\/div><div class=\"swiper-slide\" role=\"group\" aria-roledescription=\"slide\" aria-label=\"19 de 40\"><figure class=\"swiper-slide-inner\"><img decoding=\"async\" class=\"swiper-slide-image\" src=\"http:\/\/tallerdearte.co\/wpress\/wp-content\/uploads\/2024\/03\/valeria_baila_su_cancion-300x300.jpeg\" alt=\"valeria_baila_su_cancion\" \/><\/figure><\/div><div class=\"swiper-slide\" role=\"group\" aria-roledescription=\"slide\" aria-label=\"20 de 40\"><figure class=\"swiper-slide-inner\"><img decoding=\"async\" class=\"swiper-slide-image\" src=\"http:\/\/tallerdearte.co\/wpress\/wp-content\/uploads\/2026\/03\/IMG_3240-300x300.jpg\" alt=\"IMG_3240\" \/><\/figure><\/div><div class=\"swiper-slide\" role=\"group\" aria-roledescription=\"slide\" aria-label=\"21 de 40\"><figure class=\"swiper-slide-inner\"><img decoding=\"async\" class=\"swiper-slide-image\" src=\"http:\/\/tallerdearte.co\/wpress\/wp-content\/uploads\/2024\/03\/IMG-20210202-WA0030-300x300.jpg\" alt=\"IMG-20210202-WA0030\" \/><\/figure><\/div><div class=\"swiper-slide\" role=\"group\" aria-roledescription=\"slide\" aria-label=\"22 de 40\"><figure class=\"swiper-slide-inner\"><img decoding=\"async\" class=\"swiper-slide-image\" src=\"http:\/\/tallerdearte.co\/wpress\/wp-content\/uploads\/2026\/03\/IMG_1504-1-300x300.jpg\" alt=\"IMG_1504 1\" \/><\/figure><\/div><div class=\"swiper-slide\" role=\"group\" aria-roledescription=\"slide\" aria-label=\"23 de 40\"><figure class=\"swiper-slide-inner\"><img decoding=\"async\" class=\"swiper-slide-image\" src=\"http:\/\/tallerdearte.co\/wpress\/wp-content\/uploads\/2026\/03\/IMG_1099-300x300.jpg\" alt=\"IMG_1099\" \/><\/figure><\/div><div class=\"swiper-slide\" role=\"group\" aria-roledescription=\"slide\" aria-label=\"24 de 40\"><figure class=\"swiper-slide-inner\"><img decoding=\"async\" class=\"swiper-slide-image\" src=\"http:\/\/tallerdearte.co\/wpress\/wp-content\/uploads\/2024\/03\/salsodromo-cali-feria-1-300x300.jpg\" alt=\"salsodromo-cali-feria-1\" \/><\/figure><\/div><div class=\"swiper-slide\" role=\"group\" aria-roledescription=\"slide\" aria-label=\"25 de 40\"><figure class=\"swiper-slide-inner\"><img decoding=\"async\" class=\"swiper-slide-image\" src=\"http:\/\/tallerdearte.co\/wpress\/wp-content\/uploads\/2026\/03\/IMG_3309-300x300.jpg\" alt=\"IMG_3309\" \/><\/figure><\/div><div class=\"swiper-slide\" role=\"group\" aria-roledescription=\"slide\" aria-label=\"26 de 40\"><figure class=\"swiper-slide-inner\"><img decoding=\"async\" class=\"swiper-slide-image\" src=\"http:\/\/tallerdearte.co\/wpress\/wp-content\/uploads\/2024\/03\/20221119_215456-300x300.jpg\" alt=\"20221119_215456\" \/><\/figure><\/div><div class=\"swiper-slide\" role=\"group\" aria-roledescription=\"slide\" aria-label=\"27 de 40\"><figure class=\"swiper-slide-inner\"><img decoding=\"async\" class=\"swiper-slide-image\" src=\"http:\/\/tallerdearte.co\/wpress\/wp-content\/uploads\/2024\/03\/20230621_100456-300x300.jpg\" alt=\"20230621_100456\" \/><\/figure><\/div><div class=\"swiper-slide\" role=\"group\" aria-roledescription=\"slide\" aria-label=\"28 de 40\"><figure class=\"swiper-slide-inner\"><img decoding=\"async\" class=\"swiper-slide-image\" src=\"http:\/\/tallerdearte.co\/wpress\/wp-content\/uploads\/2026\/03\/IMG_1509-1-300x300.jpg\" alt=\"IMG_1509 1\" \/><\/figure><\/div><div class=\"swiper-slide\" role=\"group\" aria-roledescription=\"slide\" aria-label=\"29 de 40\"><figure class=\"swiper-slide-inner\"><img decoding=\"async\" class=\"swiper-slide-image\" src=\"http:\/\/tallerdearte.co\/wpress\/wp-content\/uploads\/2024\/03\/20230126_174529-300x300.jpg\" alt=\"20230126_174529\" \/><\/figure><\/div><div class=\"swiper-slide\" role=\"group\" aria-roledescription=\"slide\" aria-label=\"30 de 40\"><figure class=\"swiper-slide-inner\"><img decoding=\"async\" class=\"swiper-slide-image\" src=\"http:\/\/tallerdearte.co\/wpress\/wp-content\/uploads\/2024\/03\/20221121_221237-300x300.jpg\" alt=\"20221121_221237\" \/><\/figure><\/div><div class=\"swiper-slide\" role=\"group\" aria-roledescription=\"slide\" aria-label=\"31 de 40\"><figure class=\"swiper-slide-inner\"><img decoding=\"async\" class=\"swiper-slide-image\" src=\"http:\/\/tallerdearte.co\/wpress\/wp-content\/uploads\/2024\/03\/20210214_142600-300x300.jpg\" alt=\"20210214_142600\" \/><\/figure><\/div><div class=\"swiper-slide\" role=\"group\" aria-roledescription=\"slide\" aria-label=\"32 de 40\"><figure class=\"swiper-slide-inner\"><img decoding=\"async\" class=\"swiper-slide-image\" src=\"http:\/\/tallerdearte.co\/wpress\/wp-content\/uploads\/2026\/03\/IMG_3243-300x300.jpg\" alt=\"IMG_3243\" \/><\/figure><\/div><div class=\"swiper-slide\" role=\"group\" aria-roledescription=\"slide\" aria-label=\"33 de 40\"><figure class=\"swiper-slide-inner\"><img decoding=\"async\" class=\"swiper-slide-image\" src=\"http:\/\/tallerdearte.co\/wpress\/wp-content\/uploads\/2024\/03\/20230617_094139-1-300x300.jpg\" alt=\"20230617_094139 (1)\" \/><\/figure><\/div><div class=\"swiper-slide\" role=\"group\" aria-roledescription=\"slide\" aria-label=\"34 de 40\"><figure class=\"swiper-slide-inner\"><img decoding=\"async\" class=\"swiper-slide-image\" src=\"http:\/\/tallerdearte.co\/wpress\/wp-content\/uploads\/2026\/03\/IMG_3316-300x300.jpg\" alt=\"IMG_3316\" \/><\/figure><\/div><div class=\"swiper-slide\" role=\"group\" aria-roledescription=\"slide\" aria-label=\"35 de 40\"><figure class=\"swiper-slide-inner\"><img decoding=\"async\" class=\"swiper-slide-image\" src=\"http:\/\/tallerdearte.co\/wpress\/wp-content\/uploads\/2024\/03\/IMG_20190819_144456-300x300.jpg\" alt=\"IMG_20190819_144456\" \/><\/figure><\/div><div class=\"swiper-slide\" role=\"group\" aria-roledescription=\"slide\" aria-label=\"36 de 40\"><figure class=\"swiper-slide-inner\"><img decoding=\"async\" class=\"swiper-slide-image\" src=\"http:\/\/tallerdearte.co\/wpress\/wp-content\/uploads\/2026\/03\/20260214_140155330_iOS-300x300.jpg\" alt=\"20260214_140155330_iOS\" \/><\/figure><\/div><div class=\"swiper-slide\" role=\"group\" aria-roledescription=\"slide\" aria-label=\"37 de 40\"><figure class=\"swiper-slide-inner\"><img decoding=\"async\" class=\"swiper-slide-image\" src=\"http:\/\/tallerdearte.co\/wpress\/wp-content\/uploads\/2026\/03\/IMG_1567-1-300x300.jpg\" alt=\"IMG_1567 1\" \/><\/figure><\/div><div class=\"swiper-slide\" role=\"group\" aria-roledescription=\"slide\" aria-label=\"38 de 40\"><figure class=\"swiper-slide-inner\"><img decoding=\"async\" class=\"swiper-slide-image\" src=\"http:\/\/tallerdearte.co\/wpress\/wp-content\/uploads\/2026\/03\/IMG_2861-300x300.jpg\" alt=\"IMG_2861\" \/><\/figure><\/div><div class=\"swiper-slide\" role=\"group\" aria-roledescription=\"slide\" aria-label=\"39 de 40\"><figure class=\"swiper-slide-inner\"><img decoding=\"async\" class=\"swiper-slide-image\" src=\"http:\/\/tallerdearte.co\/wpress\/wp-content\/uploads\/2026\/03\/retouch_2026011418440693-300x300.jpg\" alt=\"{&quot;data&quot;:{&quot;pictureId&quot;:&quot;f4b226491b334873854aca06b9df0bbb&quot;,&quot;appversion&quot;:&quot;7.9.0&quot;,&quot;stickerId&quot;:&quot;&quot;,&quot;filterId&quot;:&quot;190308143&quot;,&quot;infoStickerId&quot;:&quot;&quot;,&quot;imageEffectId&quot;:&quot;&quot;,&quot;playId&quot;:&quot;&quot;,&quot;activityName&quot;:&quot;&quot;,&quot;os&quot;:&quot;android&quot;,&quot;product&quot;:&quot;retouch&quot;,&quot;originAppId&quot;:&quot;7356&quot;,&quot;exportType&quot;:&quot;&quot;,&quot;editType&quot;:&quot;&quot;,&quot;alias&quot;:&quot;&quot;,&quot;enterFrom&quot;:&quot;enter_launch&quot;,&quot;capability_key&quot;:[&quot;filter&quot;,&quot;edit&quot;],&quot;capability_extra_v2&quot;:{&quot;filter&quot;:[{&quot;effect_id&quot;:&quot;190308143&quot;,&quot;resource_id&quot;:&quot;7330519439772750337&quot;,&quot;origin&quot;:&quot;heycan&quot;}],&quot;edit&quot;:[{&quot;panel&quot;:&quot;hsl&quot;},{&quot;panel&quot;:&quot;highlight&quot;}]},&quot;effect_type&quot;:&quot;tool&quot;,&quot;effect_id&quot;:&quot;filter#7330519439772750337&quot;},&quot;source_type&quot;:&quot;hypic&quot;,&quot;tiktok_developers_3p_anchor_params&quot;:&quot;{&quot;client_key&quot;:&quot;awgvo7gzpeas2ho6&quot;,&quot;template_id&quot;:&quot;&quot;,&quot;filter_id&quot;:[&quot;190308143&quot;],&quot;capability_key&quot;:[&quot;filter&quot;,&quot;edit&quot;],&quot;capability_extra_v2&quot;:{&quot;filter&quot;:[{&quot;effect_id&quot;:&quot;190308143&quot;,&quot;resource_id&quot;:&quot;7330519439772750337&quot;,&quot;origin&quot;:&quot;heycan&quot;}],&quot;edit&quot;:[{&quot;panel&quot;:&quot;hsl&quot;},{&quot;panel&quot;:&quot;highlight&quot;}]}}&quot;}\" \/><\/figure><\/div><div class=\"swiper-slide\" role=\"group\" aria-roledescription=\"slide\" aria-label=\"40 de 40\"><figure class=\"swiper-slide-inner\"><img decoding=\"async\" class=\"swiper-slide-image\" src=\"http:\/\/tallerdearte.co\/wpress\/wp-content\/uploads\/2026\/03\/IMG_1857-1-300x300.jpg\" alt=\"IMG_1857 1\" \/><\/figure><\/div>\t\t\t<\/div>\n\t\t\t\t\t\t\t\t\t\t\t\t<div class=\"elementor-swiper-button elementor-swiper-button-prev\" role=\"button\" tabindex=\"0\">\n\t\t\t\t\t\t<i aria-hidden=\"true\" class=\"eicon-chevron-left\"><\/i>\t\t\t\t\t<\/div>\n\t\t\t\t\t<div class=\"elementor-swiper-button elementor-swiper-button-next\" role=\"button\" tabindex=\"0\">\n\t\t\t\t\t\t<i aria-hidden=\"true\" class=\"eicon-chevron-right\"><\/i>\t\t\t\t\t<\/div>\n\t\t\t\t\n\t\t\t\t\t\t\t\t\t<div class=\"swiper-pagination\"><\/div>\n\t\t\t\t\t\t\t\t\t<\/div>\n\t\t\t\t\t\t<\/div>\n\t\t\t\t<\/div>\n\t\t\t\t\t<\/div>\n\t\t<\/div>\n\t\t\t\t\t<\/div>\n\t\t<\/section>\n\t\t\t\t<section class=\"elementor-section elementor-top-section elementor-element elementor-element-664ec09 elementor-section-boxed elementor-section-height-default elementor-section-height-default\" data-id=\"664ec09\" data-element_type=\"section\" data-e-type=\"section\">\n\t\t\t\t\t\t<div class=\"elementor-container elementor-column-gap-default\">\n\t\t\t\t\t<div class=\"aux-parallax-section elementor-column elementor-col-100 elementor-top-column elementor-element elementor-element-5fc3bd7\" data-id=\"5fc3bd7\" data-element_type=\"column\" data-e-type=\"column\">\n\t\t\t<div class=\"elementor-widget-wrap\">\n\t\t\t\t\t\t\t<\/div>\n\t\t<\/div>\n\t\t\t\t\t<\/div>\n\t\t<\/section>\n\t\t\t\t<\/div>\n\t\t","protected":false},"excerpt":{"rendered":"<p>Somos Una empresa dedicada al dise\u00f1o y construcci\u00f3n de piezas, espacios, escenarios y elementos art\u00edsticos, culturales y publicitarios; destinados a recintos cerrados, eventos masivos, exteriores y desfiles a nivel nacional. Estamos ubicados en el municipo de Galapa, Atl\u00e1ntico; reconocido por su aptitud y legado artesanal en la elaboraci\u00f3n de m\u00e1scaras de madera, papel mach\u00e9 y [&hellip;]<\/p>\n","protected":false},"author":1,"featured_media":0,"parent":0,"menu_order":0,"comment_status":"closed","ping_status":"closed","template":"","meta":{"footnotes":""},"class_list":["post-56","page","type-page","status-publish","hentry"],"_links":{"self":[{"href":"http:\/\/tallerdearte.co\/wpress\/wp-json\/wp\/v2\/pages\/56","targetHints":{"allow":["GET"]}}],"collection":[{"href":"http:\/\/tallerdearte.co\/wpress\/wp-json\/wp\/v2\/pages"}],"about":[{"href":"http:\/\/tallerdearte.co\/wpress\/wp-json\/wp\/v2\/types\/page"}],"author":[{"embeddable":true,"href":"http:\/\/tallerdearte.co\/wpress\/wp-json\/wp\/v2\/users\/1"}],"replies":[{"embeddable":true,"href":"http:\/\/tallerdearte.co\/wpress\/wp-json\/wp\/v2\/comments?post=56"}],"version-history":[{"count":50,"href":"http:\/\/tallerdearte.co\/wpress\/wp-json\/wp\/v2\/pages\/56\/revisions"}],"predecessor-version":[{"id":1440,"href":"http:\/\/tallerdearte.co\/wpress\/wp-json\/wp\/v2\/pages\/56\/revisions\/1440"}],"wp:attachment":[{"href":"http:\/\/tallerdearte.co\/wpress\/wp-json\/wp\/v2\/media?parent=56"}],"curies":[{"name":"wp","href":"https:\/\/api.w.org\/{rel}","templated":true}]}}